valuate ((4 - 12) + 11 - 1) + -11.
-9
What is the value of (15 - (-8 + -1 + 17)) + 0?
7
11 - (9 + -10 + 15) - -2
-1
Calculate 0 - (0 - 8) - (-38 - -51) - -2.
-3
What is the value of 1 - 3 - -28 - 3 - (50 - 52)?
25
What is -3 + -10 + 22 + -19?
-10
What is the value of (-17 - -6 - (-2 + 8 + -14)) + -20?
-23
What is -45 + 46 - (-7 + 7 + 15 + -1)?
-13
Calculate 12 - (-21 + 12 - -27).
-6
Calculate (4 - (0 + -1 - (-2 - 2))) + 3.
4
What is 94 + -84 - (9 - 6)?
7
Evaluate (2 - 0 - 9) + (122 - -3 - 140).
-22
Calculate 2 + 20 + -9 + 2.
15
What is -8 + -9 + 3 - -6?
-8
677 + -677 + (-1 - -1 - 5)
-5
-1 + 23 - ((11 - (-3 - 5)) + -13)
16
What is the value of (0 - 14) + (13 + (-2 - 2) - 6)?
-11
Evaluate -38 + 14 + -9 - -63.
30
What is the value of -10 + 13 - (5 + (-5 - -6) - -5)?
-8
What is 3 + (1 - -1 - (21 - 12)) + -9?
-13
-8 - ((-15 - -13) + -4 + 14 - 12)
-4
Calculate -10 - (-18 + 1 + 0 + 7).
0
Calculate -5 + 10 + -4 + (-31 - -31) + -24.
-23
What is the value of -7 + 4 + -5 + 29?
21
What is the value of (-2 - 11) + 32 + -32 - 5?
-18
Calculate (-12 - -5 - (-10 + 9)) + (4 - -5).
3
(5 - (8 - -37)) + 4 + 13 + -9
-32
Calculate -7 + (12 - ((-12 - -8) + -4)).
13
What is the value of -7 + (-17 - (-10 + -3))?
-11
What is -5 + (1 - -10) + 2 - -13?
21
Evaluate (4 - 20) + 5 + (-78 - -53).
-36
Evaluate -9 + (-4 - (-7 - (4 + -1)) - 4).
-7
6 - (-23 + 9 + 2) - -4
22
(-148 - -132) + -1 + 11 - -25
19
What is the value of (-1 - -5) + -1 + 3 - (-9 - -1)?
14
(1 - 6) + 1 + -2 + 346 + -343
-3
What is (8 + -10 - (6 - 13)) + 8?
13
What is (-30 - -2) + 17 + 27?
16
-4 + 9 + 17 - 15
7
What is (-37 - 13) + 12 + -1 + 16?
-23
Evaluate -1 + -11 + 9 - (2 + -6) - 7.
-6
25 - (-11 + -1 - (1 + -15))
23
Evaluate -2 + 12 + -11 + 4.
3
What is (-138 - -126) + (1 + (2 - 1) - 11)?
-21
Calculate -7 - (-3 - 0 - (14 + -5 - 9)).
-4
9 + -8 + 5 - 1
5
What is 15 + 1 + -9 + (-34 - -44)?
17
What is -4 - (-14 + (14 - 14)) - -3?
13
(-6 + 4 - 5) + 15 + 8
16
What is 11 + -19 + 7 - (2 - (0 + -3))?
-6
Evaluate -28 + -15 + 38 - (-3 - -21).
-23
Evaluate 6 + -1 + 3 - (21 - (-7 + -2)).
-22
Evaluate 3 + 9 - (14 + -15).
13
Calculate (3 - -1 - (18 + 1 + -12)) + 1.
-2
Calculate -7 - (-38 + 9 + 10).
12
Evaluate 18 - (-19 + 20) - 15.
2
Evaluate (-12 - (-11 + -2)) + -2.
-1
What is the value of -3 - -9 - (3 + (2 - 2 - 25))?
28
Evaluate -8 - 1 - (5 + 17 + -10 + -8).
-13
Calculate -1 + -7 + (51 - (2 + 26 + -5)).
20
Calculate (-6 + 13 - -12) + -2 + -1 + -2.
14
What is the value of 30 + -1 - (163 + -141)?
7
-5 + (-4 - -5) - (-10 - -6)
0
22 + -7 + -3 + -2 - (-28 - -12)
26
-2 + (-39 - -1) + -21 + (12 - -18)
-31
What is the value of 1 + 2 - (18 + -9 - 12) - 2?
4
What is the value of 7 + (0 + 0 - (4 + -3)) + -2?
4
What is the value of 36 + (-1 - 9 - -9) + -2 + -9?
24
What is 2 + 13 + -2 + (-94 - -89)?
8
What is the value of (12 - 0) + 2074 + -2091?
-5
What is the value of -121 + 115 - ((6 - 5) + -2 + -34)?
29
What is the value of -6 + 5 - -17 - (-2 - -5)?
13
Calculate 6 + -46 + 46 + 0 + 0.
6
Evaluate 4 - (1 - (-1 + -8)) - (1 + -1).
-6
What is (-4 - (10 + -19)) + -10?
-5
473 + -440 - (0 + 20)
13
Evaluate 1 + (4 - 0 - 7) - 3.
-5
Evaluate (-2 - -23) + -13 - (2 + -5).
11
What is the value of -10 + 4 + 9 + 0 + -3 + 9?
9
-11 + 24 - 4 - 14
-5
(5 - (12 - (18 + -7))) + -12 + 8
0
313 + -305 - (2 + 2 + 7) - -1
-2
What is 149 + -157 - (1 - 0 - (0 + 6))?
-3
What is (-9 - -12 - 36) + 3 - -10?
-20
Evaluate (-10 - 10 - -20 - (8 - -3)) + 47.
36
Calculate 6 + (-28 + -2 - -57).
33
Evaluate -5 - (-11 + -12 + 23).
-5
-8 + -1 - (2 + -5) - (-134 + 141)
-13
What is the value of 7 + 11 + -19 + (21 - (4 - 0))?
16
Calculate -21 - (-10 + (-23 - -15)).
-3
Evaluate 11 + (-4 + 0 - -2) + (159 - 171).
-3
Evaluate -16 - 4 - (79 - 86).
-13
(-28 - -27) + (3 - 8) - (9 + -13)
-2
Calculate 15 + 26 + (-29 - -14).
26
7 + (-5 - (-17 - -5) - (-3 - -2))
15
What is the value of 21 + -29 - -30 - 32?
-10
Calculate -6 + 1 + 11 + (6 - -1).
13
What is (-1 + 1 - -8) + -2 + -4 + 3?
5
Calculate 45 + -46 - (-2 + 1).
0
Calculate -7 - -18 - 42 - -7.
-24
-2 + (144 - 139 - (1 - 4))
6
2 + 1 + 0 + -1 + 35 + -39
-2
-27 - -8 - -65 - 25
21
Evaluate 17 - ((5 - 14) + 14).
12
What is the value of (-1 - -12) + 39 + -15?
35
Calculate -13 + 26 + (0 - 10) + -14.
-11
(5 - (-9 + 1)) + -33
-20
(69 - 70) + 4 + 1 - 1
3
What is the value of (17 + -13 - 15) + (0 - -14)?
3
Evaluate -13 + (24 - 39) + 48.
20
Evaluate (-13 - (-7 - -4)) + -1 + 12.
1
(1 - (1 - 1)) + 34 + -18 + -18
-1
What is the value of 1 + 9 + (2 + -3 - -19 - 17)?
11
What is the value of -5 + -1 - (6 - (15 - 11))?
-8
What is -3 + (-2 - (-2 + (-8 - -3)))?
2
Calculate 36 + (-13 - (22 - 18)) - 0.
19
Evaluate 1 + (1 - 1) + (-10 - -7) - -6.
4
-5 - ((-105 - -108) + -5 + 1)
-4
What is -9 + 14 - 0 - -2?
7
Calculate -14 + 8 + 8 + -8 - -13.
7
-21 - (-57 + (-4 - -34))
6
What is the value of (-1 - -11) + -11 + 6 + 11 + -6?
10
(4 - (8 - 6)) + -10 - (-6 + 20)
-22
What is the value of 15 - (9 - (9 + -8))?
7
-5 + (-1 - -3 - (16 - 21))
2
What is (-4 - -4) + 9 + (-40 - -34) - 8?
-5
Evaluate (-17 - (-69 - -41)) + -16.
-5
What is -42 - (32 + -41 - 23)?
-10
Evaluate (30 - 48) + (1 - -3).
-14
Calculate 2 + -1 + (9 - 5) + 13 - 6.
12
Evaluate -2 - -1 - (11 + 14 + -19 + 13).
-20
Calculate -23 - (0 + -3 - 6).
-14
Calculate (-3 + -7 - -17) + -2 - 14.
-9
What is the value of 4 + -6 + 5 - -1 - 8?
-4
Evaluate 12 + -23 + 6 + 5 + -17 + 2.
-15
(5 + -19 - (-2 - -2)) + -18 + 23
-9
Evaluate 21 - -1 - (242 + -224).
4
What is the value of -7 + 11 + 4 + -5 + 6 + 5?
14
What is the value of -29 + 7 + -10 + -5 + 15?
-22
What is (15 - 4) + 3 + -17?
-3
What is (49 - 19 - (4 + -6)) + 0 + -11?
21
What is the value of 27 + (-17 - -1) - -4?
15
Calculate 306 - 324 - (-13 + 1).
-6
-28 - ((-3 - 1) + 19 + (19 - 38))
-24
What is the value of (-17 - ((-30 - 6) + 15)) + 0 + -4?
0
What is the value of 8 - ((-22 - -50) + -6)?
-14
What is -1 - (4 - (0 - 0) - 6)?
1
What is 8 + (9 - (-1 + 10))?
8
Evaluate -10 + 45 + -51 - (2 - -1).
-19
(-12 - -5) + 0 + -1 + 1 + 4
-3
What is the value of -14 - (-6 + -2 + -5)?
-1
Calculate (29 - (74 - 3)) + 55.
13
Evaluate 2 + -20 + -1 + -1 + (73 - 67).
-14
Evaluate -6 + (30 + -13 - 4).
7
1 - 8 - (7 - ((2 - -12) + 4))
4
Evaluate (18 - (3 + 23)) + 16.
8
What is -20 - (12 + (5 - (8 + 18)))?
-11
What is the value of (1 - (-2 + 1)) + (322 - 322)?
2
13 - (21 + -12 - 8)
12
What is -4 + ((14 - 5) + -11 + 7 - 6)?
-5
Evaluate -5 - (-4 + 13 + -11).
-3
-4 + 7 + 38 + -19
22
Evaluate -10 + -4 + 31 + -4 + 4.
17
Calculate -39 + 13 + 16 + (3 - 26).
-33
Evaluate 17 + -3 + -7 + -8 + 27.
26
What is 4 + -5 + (49 - 19 - (-2 - -14))?
17
Calculate 6 - (-13 - (-8 - (2 + -6 - -4))).
11
Evaluate 6 - (8 - 4) - -2 - 11 - -13.
6
Calculate -24 + 34 + 7 - 30.
-13
What is 23 + 3 + (-121 - -123)?
28
Evaluate -131 + 125 - (-13 - 0).
7
Calculate 12 - 11 - (1 - -5 - (8 + -6)).
-3
Evaluate 1 - (12 + 0 - (-1 + 4)).
-8
What is -7 - (1 - 0 - (-20 - (-3 + -24)))?
-1
What is the value of 0 + -1 + -2 + 47 + -91 + 41?
-6
Calculate (1 - (-9 + (10 - 4))) + -23.
-19
Calculate 24 - ((-15 - 4) + 39).
4
Evaluate 2 - (8 - -9 - 17).
2
-2 + 1 + 1 - (59 - 53)
-6
Calculate (-35 - (-60 + 32)) + (-1 - -9).
1
What is the value of 27 + -41 - (-1 - 6) - 3?
-10
What is the value of (-81 - -82) + (-1 - -3 - -8)?
11
-15 - ((-1 - -4) + 11 + (-26 - -17))
-20
What is -17 + (88 + -96 - (-10 - -1))?
-16
Calculate -4 + -1 + (-5 - (1 - (8 + 5))).
2
Evaluate -3 + 3 - ((-8 - -1) + 2 - -13).
-8
-8 + (-14 + 5 - -23) - (-2 - 0)
8
What is the value of -12 - -24 - 8 - (0 - -2)?
2
Calculate (-11 - (11 + -18)) + -2 - -34.
28
What is 39 - (7 + (10 - ((12 - -3) + -5)))?
32
What is 14 + -3 - 9 - 9 - 16?
-23
What is the value of -263 + 281 - (0 - (-1 - -3))?
20
Evaluate 11 + -2 - (-4 + 17) - -10.
6
What is the value of -2 + 4 + (0 - -3 - (5 - 12))?
12
(25 + -22 - (2 + -3) - -9) + -1
12
What is (0 - -22) + -1 - (-4 - -12) - -3?
16
What is the value of 16 + -24 + -2 + -5?
-15
Evaluate (19 - (15 - 5)) + (-12 - 1).
-4
Calculate -29 + (26 - -42 - 20).
19
Evaluate -29 + (-5 - ((-9 - -11) + -9 - -5)).
-32
What is the value of (-42 - (-39 - -3)) + -17?
-23
What is the value of (2 - -1) + -1 + -15 + -105 + 113?
-5
What is -3 + (12 - 6) - (16 + (-11 - -4))?
-6
Evaluate (-98 - -81) + 16 + -2 + -3.
-6
What is the value of -13 - -11 - (1 - -9)?
-12
-7 + ((-11 - -